ime factors of -12*((-4)/((-64)/(-748)) - -4)?
3, 19
Let q(p) = p**2 + 7*p - 2. Let k be q(-4). Let h(t) = t + 34. What are the prime factors of h(k)?
2, 5
Let l(p) be the second derivative of 2*p**3/3 - 17*p**2/2 - 7*p. Let v be l(4). List the prime factors of (-45)/(-5) - (v - 1).
11
Let r(g) = 24*g**2 - 6*g + 10. What are the prime factors of r(8)?
2, 7, 107
Let d(t) be the third derivative of t**5/60 - 3*t**4/8 + 5*t**3/3 + t**2. Let a be d(8). Suppose 10 = 4*h - a. List the prime factors of h.
3
Let p(s) = s**3 + 21*s**2 + 37*s + 31. What are the prime factors of p(-19)?
2, 5
Let r be 11 + -5 - 1*-3. Suppose k - 343 = -5*z, -3*k = -3 + r. Let a = -39 + z. What are the prime factors of a?
2, 3, 5
Let t(f) = 2504*f**2 - f + 1. What are the prime factors of t(-1)?
2, 7, 179
Let h be 381*(3/(-18))/((-1)/2). Let q = h - -4. What are the prime factors of q?
131
Let f(u) = -u**3 + 8*u**2 - u + 6. Let h be f(8). Let q = 1 + -2. List the prime factors of (2 - (13 + h))/q.
3
Let a(d) = 6*d**2 + 10*d - 1. Let c be a(8). Suppose 3*b - 3 = 0, -4*t + 9*t = 2*b + c. What are the prime factors of t?
3, 31
Suppose 3*u + 2*i = -u + 354, -5*u + 3*i = -437. Suppose -8 = 2*n - u. Suppose n = d - 11. List the prime factors of d.
3, 17
Let w = 5 - -14. Let p = -18 + w. Suppose 41 = s - p. What are the prime factors of s?
2, 3, 7
Let p(n) = -2*n - 3. Let t(g) = -2*g**2 + 18*g + 8. Let x be t(10). What are the prime factors of p(x)?
3, 7
Let c(s) = 7*s**2 + 2*s**3 - 6*s - s**3 - 15*s**2 - 2. Let w be c(9). Let l = 34 - w. What are the prime factors of l?
3
Let w(v) = 476*v - 357. What are the prime factors of w(4)?
7, 13, 17
Let x = 3986 - 2036. List the prime factors of x.
2, 3, 5, 13
Let p be -2 - 1*(-1 + -2). Let t(u) be the first derivative of 11*u**3/3 - 13. What are the prime factors of t(p)?
11
Let p(z) = 14*z + 8*z + 18 - 6*z. List the prime factors of p(6).
2, 3, 19
Suppose -5*v + 15 = 0, 5*a - 4*v + 7*v = -16. List the prime factors of (-9)/(-6)*(-40)/a.
2, 3
Let l be 2 + (0 - (-2 - 1)). Let d be (-3)/(-5) - 102/(-30). Suppose -2*y = -7*y - d*t + 65, -l*y = 3*t - 60. List the prime factors of y.
3
Let w be 1 + -1 + (0 - 0). Let s = -42 + 46. Suppose w = c - 28 + s. List the prime factors of c.
2, 3
Let b = 166 + -38. List the prime factors of b.
2
Suppose -4*n + 14675 = 5*m + n, -3*m = -3*n - 8775. What are the prime factors of (-1)/4 - m/(-40)?
73
Suppose -5*x = 61 - 16. Suppose 4*c + 1020 = -524. What are the prime factors of c/(-6) + x/27?
2
Suppose -15*p = -13*p - 624. Let d = p - 120. What are the prime factors of d?
2, 3
Let u be 2 + (-21)/(3 + 0). Let a = u - -9. Suppose 0 = -0*k + a*k - 72. List the prime factors of k.
2, 3
Let c be 952/(-21)*18/8. Let f = -43 - c. Suppose 3*b - 5*b = 5*j - f, -5*b + 104 = -2*j. What are the prime factors of b?
2, 11
Suppose 61 - 31 = 6*s. List the prime factors of s.
5
Let b(o) = 4*o - 1. Let t(k) = 5*k. Let m(q) = 3*b(q) - 2*t(q). Let r(d) = 2*d**2 - 6*d + 7. Let p be r(2). List the prime factors of m(p).
3
Let o = -7 + 3. Let r(g) be the second derivative of -5*g**3/6 - 6*g**2 - 41*g. List the prime factors of r(o).
2
Let i(m) = -32*m**3 + 3*m**2 + 50*m + 9. What are the prime factors of i(-4)?
3, 5, 127
What are the prime factors of -10 - (-340)/30 - (-22)/6?
5
Let f(v) = 9*v**3 + 2*v**2 + 2. Let w be f(2). Suppose -3*u + 8*u = -290. Let j = u + w. What are the prime factors of j?
2, 3
Suppose j - 3*j = 3*o - 41, 2*o - 4*j - 54 = 0. Suppose c = 105 + o. What are the prime factors of (-10)/15 + c/3?
2, 5
Let a be -1 + (-11)/((-33)/234). Let i = a - 44. What are the prime factors of i?
3, 11
What are the prime factors of (28/5)/(3 - 4192/1400)?
2, 5, 7
Let s(y) = 3*y**2 + y. Let m be s(1). Suppose -5*d + 5 = -9*n + m*n, 5*n = -d + 13. Suppose -152 + 17 = -d*c. List the prime factors of c.
3, 5
Suppose 153*l + 1367 = 156*l + 4*k, -k = -l + 444. What are the prime factors of l?
449
Let w = 4 + 0. Let s = w - -1. What are the prime factors of (-3)/s - (-146)/10?
2, 7
Let a = -89 + 172. Let t = -38 + a. List the prime factors of t.
3, 5
Suppose 159*u = 152*u + 2303. List the prime factors of u.
7, 47
Let p = -212 + 331. Let a be (15/(-21) - -1)*p. Let o = a - 27. List the prime factors of o.
7
Let t = 3 + -1. Suppose 0 = t*k - k - 3*f + 10, 5 = 3*k - 2*f. Suppose 0 = -4*w - 3*c + 154, k*c = 3*w + w - 138. List the prime factors of w.
37
Suppose 2*b - 3*b + 2*c = -20, -2*c = -5*b + 76. Let s = -32 + b. What are the prime factors of 6/s - 22/(-3)?
7
Let j be 140/(-420)*(0/1 + 3). Suppose -y - 50 = -6*y + 4*c, 2*y = -2*c + 20. Let d = y - j. What are the prime factors of d?
11
Let k = -76 - -72. List the prime factors of (k/(-7))/((-46)/(-6601)).
2, 41
Suppose -15 = -n - 21. Let w(k) = k + 24. List the prime factors of w(n).
2, 3
What are the prime factors of (-24284)/(-12) - (10/(-3) + 4)?
7, 17
Let z = 335 + -165. Suppose z = 2*a + 3*a. Suppose 3*l = 8 + a. List the prime factors of l.
2, 7
Let i be (-2688)/(-9) - 1/(-3). Suppose -2*u - 5*k + 205 = 0, -i + 17 = -3*u + k. List the prime factors of u.
5, 19
Let l = 2050 - 1216. List the prime factors of l.
2, 3, 139
Let k be 1*(-2)/6*0/(-2). Suppose -2*b + 53 = d - 26, 5*d + 5 = k. List the prime factors of b.
2, 5
Let q(v) = -v - 10. Let k be q(-13). Suppose w - t + 1 = 0, -w + k*t = -2*t + 17. Suppose -g + 1 = -0*g, g = -w*u + 37. What are the prime factors of u?
2, 3
Let s be (-5)/20*-4 + 3. Suppose s*n = 5*d + 279, 3*n = n + 3*d + 137. What are the prime factors of n?
2, 19
Suppose 3*o + 34 = 10. What are the prime factors of ((-102)/(-8))/((-3)/o)?
2, 17
Suppose 18*g + 3*b = 17*g + 2, -5*g - b = -52. List the prime factors of g.
11
Suppose 5*a - l = -50, l - 10 = 2*a + 13. Let n = 5 + -3. List the prime factors of 2195/45 - n/a.
7
Suppose -2*j - 10 = -j + 2*v, -v = j + 10. Let o = j + 57. Suppose -17 = -4*f + o. List the prime factors of f.
2
Let z = -312 - -1402. What are the prime factors of z?
2, 5, 109
Suppose 0 = 5*q - d - 5, -5*d + 2*d = -4*q + 15. Suppose 0 = -2*y + 10, b + q*y - 65 = y. List the prime factors of b.
2, 5, 7
Let t be (-40)/15*(-6)/8. Suppose t*n = 4*v - 14, 4 = 4*v - 3*n - 9. Suppose 9*m = v*m + 190. What are the prime factors of m?
2, 19
Let r = 342 - 120. List the prime factors of r.
2, 3, 37
Let m(f) be the second derivative of -f**5/20 + 5*f**4/12 - 2*f**3/3 + f**2 - 3*f. Let h be m(4). Let j(v) = 18*v. What are the prime factors of j(h)?
2, 3
Let g(h) = -814*h + 501. What are the prime factors of g(-6)?
3, 5, 359
Let m(h) = -12*h. Let s be 3 - -1 - 44/4. Let o be m(s). Suppose 4*j = -4*n - o + 320, -177 = -3*n + 4*j. List the prime factors of n.
59
Suppose -v - 101 = 5*z, -3*v = z + 6 + 3. Let y be ((-14)/z)/(2/(-3)). Let t = y + 15. List the prime factors of t.
2, 7
Let q be 42 - (-1 + (3 - 2)). List the prime factors of (-3 - q/(-3)) + -2.
3
Let r = -559 - -567. List the prime factors of r.
2
Suppose 17197 + 6411 = 13*p. List the prime factors of p.
2, 227
Let a(z) = -z**3 + 8*z**2 - 6*z - 12. Let v(s) = -s**2 - 4*s + 8. Let f be v(-5). Suppose 4*d - f*o = -17 + 56, -25 = 5*o. What are the prime factors of a(d)?
2, 3
Let x(b) be the second derivative of b**4/6 + b**3/6 - 11*b**2/2 + 10*b. What are the prime factors of x(5)?
2, 11
List the prime factors of 2/(-6)*11214/(-6).
7, 89
Let w be 627/9 + 4/(-6). Suppose 0 = -2*g + 155 + 223. Suppose -5*m + g - w = 0. What are the prime factors of m?
2, 3
Suppose 12*h - 14*h = 0. Suppose -3*s - 4*z - 152 + 397 = h, 0 = -4*s - z + 318. What are the prime factors of s?
79
Let u(q) be the third derivative of 19*q**4/24 - 14*q**3/3 + 14*q**2. What are the prime factors of u(7)?
3, 5, 7
Let s be (3/9)/((-2)/(-18)). Suppose 5*l - 195 = 3*f, 6*l - s*l + 3*f = 141. List the prime factors of l.
2, 3, 7
Suppose 3*t - 22 - 40 = -4*q, 2*t = -4*q + 64. Suppose -4*a + 5*o = q, 4*a - 8*a - o - 11 = 0. Let v(k) = -5*k. What are the prime factors of v(a)?
3, 5
Suppose 64 + 584 = 2*s. Suppose -6*x + s + 126 = 0. List the prime factors of x.
3, 5
Let c(o) = 3*o**2 - o + 18 - 4*o**3 + 6*o**2 + 4*o**3 + o**3. What are the prime factors of c(-8)?
2, 3, 5
Suppose 3*h + 3*l = 96, -3*l + 6 = 2*h - 55. Suppose -8*p - h = -443. What are the prime factors of p?
3, 17
Let d(f) = f**2 + 2. Let m be d(6). Let v be 1 